-- https://www.phpmyadmin.net/
--

START TRANSACTION;



-- --------------------------------------------------------

--
-- Table structure for table `active_number`
--

CREATE TABLE `active_number` (
  `id` int(11) NOT NULL,
  `user_id` varchar(255) NOT NULL,
  `number_id` varchar(255) NOT NULL,
  `number` varchar(255) NOT NULL,
  `server_id` varchar(255) NOT NULL,
  `service_id` varchar(255) NOT NULL,
  `order_id` varchar(255) NOT NULL,
  `buy_time` datetime NOT NULL DEFAULT current_timestamp(),
  `service_price` varchar(255) NOT NULL,
  `service_name` varchar(255) NOT NULL,
  `status` varchar(255) NOT NULL,
  `sms_text` varchar(255) NOT NULL,
  `active_status` varchar(255) NOT NULL
) ENGINE=InnoDB DEFAULT CHARSET=utf8mb3 COLLATE=utf8mb3_general_ci;

--
-- Dumping data for table `active_number`
--

INSERT INTO `active_number` (`id`, `user_id`, `number_id`, `number`, `server_id`, `service_id`, `order_id`, `buy_time`, `service_price`, `service_name`, `status`, `sms_text`, `active_status`) VALUES
(1, '10', 'VBThcmxDcnnPAKP7w18Q', '919329660070', '67', 'wnz', 'kmzXxhRO9UMkoFekTQUr', '2024-06-24 18:43:26', '20', 'Winzo', '3', '', '1'),
(2, '10', 'i2MG49emD4gIWPrsTqTU', '919654308408', '67', 'wnz', 'ExHIdpZbIztpEvJ04X6K', '2024-06-24 18:43:44', '20', 'Winzo', '3', '', '1'),
(3, '10', 'zoxLFSnRhdzoI6N2FQvf', '919027383414', '67', 'wnz', 'VPUSz88NSNypoK3tBAYN', '2024-06-24 18:44:01', '20', 'Winzo', '3', '', '1'),
(4, '21', '242828397', '917970793946', '27', 'jx', 'eCaQ0HWKvKOuPplqHMBh', '2024-08-20 16:20:14', '8', 'Swiggy', '3', '', '1'),
(5, '21', '242828667', '919536767717', '27', 'jx', 'FqzPFh5Rs4fWuP6Ztb9I', '2024-08-20 16:20:30', '8', 'Swiggy', '3', '', '1'),
(6, '22', '242829592', '917037090343', '27', 'go', 'cEBU3pcOaBNrRLqSJaMA', '2024-08-20 16:21:51', '6.4', 'Google,youtube,Gmail', '3', '', '1'),
(7, '21', '242912290', '916396741833', '27', 'lf', 'FawJQSRjqC3Xnre7wIuo', '2024-08-20 18:03:38', '500', 'Tiktok', '3', '', '1'),
(8, '21', '242913470', '17792763888', '68', 'lf', 'DL4JvsQZP3SmFZcZyeB7', '2024-08-20 18:04:46', '500', 'Tiktok', '3', '', '1'),
(9, '22', '244454924', '919879519238', '27', 'lf', 'gONhZSjWvplyPIj3hENk', '2024-08-22 01:10:50', '500', 'Tiktok', '3', '', '1'),
(10, '22', '244457060', '918174001167', '27', 'lf', 'c0xY3kDziAlXTKeOitF3', '2024-08-22 01:13:25', '500', 'Tiktok', '3', '', '1'),
(11, '22', '250489111', '18033497284', '265', 'ig', 'KL7fmFGoeTDkLIynM5Nz', '2024-08-27 12:09:54', '696.96', 'Instagram', '3', '', '1'),
(12, '22', '254034567', '17622423820', '27', 'tg', '8oEuZOyGOQqvrLKJh1BX', '2024-08-30 20:44:05', '2540.5', 'Telegram', '3', '', '1'),
(13, '22', '255786907', '17629012088', '277', 'tg', 'eHMKVbfm2U0arQSq0hNX', '2024-09-01 11:14:46', '1300', 'Telegram', '3', '', '1'),
(14, '22', '256125014', '14069439966', '278', 'am', 'XNqsNCTfr7ERw90XnvFr', '2024-09-01 17:57:56', '743.75', 'Amazon', '3', '', '1'),
(15, '22', '261126020', '19348846958', '286', 'mb', 'zmut71C0ZDSRxlhei8OS', '2024-09-06 21:44:05', '592', 'Yahoo', '3', '', '1'),
(16, '22', '264211202', '18408997342', '286', 'mb', 'eiuKeWpjrwQarYxayrWk', '2024-09-09 18:04:51', '592', 'Yahoo', '3', '', '1'),
(17, '22', '264237177', '447361360456', '283', 'abq', 'io4LuvbYSF7cFKupirJM', '2024-09-09 18:32:25', '150.31', 'Upwork', '3', '', '1'),
(18, '42', '265344070', '18303942508', '286', 'wr', 'UeLfTuA7Yb5ts1aHzBSh', '2024-09-10 20:50:10', '665.24', 'Walmart', '3', '', '1'),
(19, '22', '265635900', '18658651194', '286', 'tg', 'bXpcsZ57kZmuWLCYnljD', '2024-09-11 06:21:11', '1824.50', 'Telegram', '3', '', '1'),
(20, '22', '265642979', '447538678931', '283', 'tg', 'lzqkDut8qBj3nmHWEbbU', '2024-09-11 06:30:08', '1965.50', 'Telegram', '3', '', '1'),
(21, '22', '265645984', '15572030447', '286', 'tg', 'voZHHhhwIvbutVxSngRn', '2024-09-11 06:33:45', '1824.50', 'Telegram', '3', '', '1'),
(22, '22', '265651768', '14642397333', '286', 'tg', '6osKWvRkkQBpsuXk9olc', '2024-09-11 06:41:22', '1824.50', 'Telegram', '3', '', '1'),
(23, '22', '265655295', '447487848041', '283', 'tg', 'sUbMb6W9LR5sFJgHny1X', '2024-09-11 06:46:08', '1965.50', 'Telegram', '3', '', '1'),
(24, '22', '265660144', '19204646709', '286', 'tg', 'tMwpMSPr7gakklO5akCb', '2024-09-11 06:53:26', '1824.50', 'Telegram', '1', '51178', '1'),
(25, '22', '265671505', '17745422587', '286', 'tg', '9fofbnIhs7vgpa3ZgZQs', '2024-09-11 07:09:48', '1824.50', 'Telegram', '3', '', '1'),
(26, '22', '267481767', '12169661141', '286', 'wa', 'zSMAhxV6W2AqB4OajinB', '2024-09-13 18:07:25', '1980.56', 'WhatsApp', '3', '', '1'),
(27, '22', '267943109', '17472785079', '286', 'wa', 'BIP6feBdwRBUAwBzVK5g', '2024-09-14 12:10:44', '1980.56', 'WhatsApp', '1', '959882', '1'),
(28, '22', '268040262', '447405972402', '283', 'wa', 'qX6Im3UR8tmZW0xX9gWJ', '2024-09-14 14:48:20', '3550.50', 'WhatsApp', '3', '', '1'),
(29, '22', '268087707', '14134830729', '286', 'mb', 'BCQhVqnxtPpCmlq7WIIR', '2024-09-14 16:00:17', '590.41', 'Yahoo', '3', '', '1'),
(30, '22', '268093783', '13616915911', '286', 'mb', '5XgURkn6MEoX6xT0fay6', '2024-09-14 16:09:24', '590.41', 'Yahoo', '3', '', '1'),
(31, '22', '268869649', '19515890116', '286', 'wr', 'ztr3SJI4s2BqbsSiteWT', '2024-09-15 19:15:06', '665.24', 'Walmart', '3', '', '1'),
(32, '22', '268870573', '19853247174', '286', 'tg', '5b6SmPNO7JbaBCZWDWWL', '2024-09-15 19:16:52', '1824.50', 'Telegram', '3', '', '1'),
(33, '22', '269449643', '17158104153', '286', 'tg', '7QvxDmcNJBKhp4iA5p5D', '2024-09-16 16:48:48', '1824.50', 'Telegram', '1', '99931', '1'),
(34, '22', '271777943', '31637971727', '293', 'wa', '0P2p5EVDxMZyOrD5sFuc', '2024-09-19 11:11:56', '4548.44', 'WhatsApp', '1', '370171', '1'),
(35, '22', '272301892', '14347460157', '286', 'wa', 'p9UZLM1iwdTZLOUUBHHF', '2024-09-19 23:05:18', '1980.56', 'WhatsApp', '3', '', '1'),
(36, '22', '272313061', '18392728024', '286', 'wa', 'Bb2miszCuk1Im9lwDy3U', '2024-09-19 23:18:52', '1980.56', 'WhatsApp', '3', '', '1'),
(37, '22', '272631812', '14347460776', '286', 'wa', 'rRMbpuA7PulS373RQMcu', '2024-09-20 08:50:58', '1980.56', 'WhatsApp', '3', '', '1'),
(38, '22', '272671911', '18392728560', '286', 'vi', 'eU32aI3oCAMhkIhwjBLA', '2024-09-20 09:52:41', '958.80', 'Viber', '3', '', '1'),
(39, '22', '272687282', '447300583035', '283', 'ig', 'qCOsJ8Z3Lxwqk7JpOSC5', '2024-09-20 10:18:58', '1150', 'Instagram', '3', '', '1'),
(40, '22', '272688418', '12254643412', '286', 'ig', 'FlbJVsuHh56HRi2aAoyD', '2024-09-20 10:20:30', '550', 'Instagram', '3', '', '1'),
(41, '22', '272695057', '16056215969', '286', 'ig', 'zvicwCq4w0ssf7wujznd', '2024-09-20 10:29:21', '650', 'Instagram', '3', '', '1'),
(42, '22', '272696272', '19893150374', '286', 'mb', 'mYtNeMStCzgE4y373Tio', '2024-09-20 10:30:46', '590.41', 'Yahoo', '3', '', '1'),
(43, '22', '272700781', '15816149450', '282', 'ig', 'fx4rvKs3oIB8XkIFhEv6', '2024-09-20 10:36:51', '1130.50', 'Instagram', '3', '', '1'),
(44, '22', '272703488', '12524959439', '286', 'wr', 'Ek0boA9ksDVxLk5GslED', '2024-09-20 10:41:21', '645.00', 'Walmart', '3', '', '1'),
(45, '22', '272705499', '12495129284', '282', 'wr', 'z0ZX2FyjIP29QaSrIW10', '2024-09-20 10:44:45', '645.00', 'Walmart', '3', '', '1'),
(46, '22', '272705954', '17828595806', '282', 'wa', 'YPtijzqtslkZq0lLxHlw', '2024-09-20 10:45:34', '3965.00', 'WhatsApp', '3', '', '1'),
(47, '22', '272708277', '14347460860', '286', 'wa', 'CFwtaQjwCWhWlb1BBh3H', '2024-09-20 10:49:46', '1980.56', 'WhatsApp', '3', '', '1'),
(48, '22', '273167252', '15028776028', '286', 'wa', 'mcsCKDqs3Z8xRAiHK9m1', '2024-09-20 20:14:34', '1980.56', 'WhatsApp', '3', '', '1'),
(49, '22', '273188873', '447301664278', '283', 'wa', 'm2zakj7kZj40axSsHDB8', '2024-09-20 20:42:49', '3550.50', 'WhatsApp', '3', '', '1'),
(50, '22', '273267906', '447904909104', '283', 'an', 'eUwEiUoMZnRwB7maTw6D', '2024-09-20 22:54:54', '980.50', 'Adidas', '3', '', '1'),
(51, '22', '281591808', '358469447250', '331', 'fb', 'RrO4pJotrqDZrP6TaFKE', '2024-09-29 14:58:58', '1355.01', 'Facebook', '2', '', '2'),
(52, '61', '286178625', '201028734377', '328', 'tg', 'WbQo4gNLs5F08m351RPu', '2024-10-06 02:22:23', '1167.50', 'Telegram', '3', '', '1'),
(53, '61', '290062686', '528143375297', '316', 'tg', 'lbTpbK5AdYzhyMR2QbrS', '2024-10-10 12:14:04', '1231.50', 'Telegram', '3', '', '1'),
(54, '61', '290068638', '201016015076', '328', 'tg', 'RrSEZ5DUoX0sNII6hmKS', '2024-10-10 12:21:48', '1167.50', 'Telegram', '3', '', '1'),
(55, '61', '290077617', '201222603605', '328', 'tg', 'YZ9ziDJzcrNxPVSjeAKn', '2024-10-10 12:33:48', '1167.50', 'Telegram', '3', '', '1');

-- --------------------------------------------------------

--
-- Table structure for table `banner`
--

CREATE TABLE `banner` (
  `id` int(11) NOT NULL,
  `name` varchar(255) NOT NULL,
  `img_url` varchar(255) NOT NULL,
  `status` varchar(255) NOT NULL
) ENGINE=MyISAM DEFAULT CHARSET=utf8mb3 COLLATE=utf8mb3_general_ci;

-- --------------------------------------------------------

--
-- Table structure for table `crypto_data`
--

CREATE TABLE `crypto_data` (
  `id` int(11) NOT NULL,
  `user_id` varchar(255) NOT NULL,
  `order_id` varchar(255) NOT NULL,
  `address` varchar(255) NOT NULL,
  `currency` varchar(255) NOT NULL,
  `network` varchar(255) NOT NULL,
  `active_time` datetime NOT NULL,
  `status` varchar(255) NOT NULL
) ENGINE=MyISAM DEFAULT CHARSET=utf8mb3 COLLATE=utf8mb3_general_ci;

--
-- Dumping data for table `crypto_data`
--

INSERT INTO `crypto_data` (`id`, `user_id`, `order_id`, `address`, `currency`, `network`, `active_time`, `status`) VALUES
(1, '1', 'TutbTPcDlFtRcDRGGUCX', 'BEqCUgtuDyRbJ2Z2GQRddf3TmAt6YvuG7854JBNcFSCQ', 'SOL', 'sol', '2024-06-05 21:22:39', '3'),
(2, '1', '4Vef3HJ96lMBLpoQgRWP', 'TAMH8Zu56qfMZc7Qxf17FevqmgJhFR1Ycq', 'TRX', 'tron', '2024-06-05 21:25:23', '3'),
(3, '3', 'jmDmcsKs83uMW9i62C0L', 'TEitftU9J5MHrPQym5zXnjWupQvbkdTHGV', 'TRX', 'tron', '2024-06-05 22:15:09', '2'),
(4, '3', 'G3lBkJ0VYrMyy6rB3M6X', '9uU19vcAca7YHMGzfPuho2cJYhVebQy9dAUMhV6HaNBV', 'SOL', 'sol', '2024-06-05 22:15:25', '2'),
(5, '1', 'tFSExCIx0b3XLEwy2113', 'TGN3SDyPsdBPha4L7NnmAtNUS5eh2MuShY', 'TRX', 'tron', '2024-06-08 00:23:35', '3'),
(6, '1', 'HhgKfk3R8Ttg48rPvZ2B', 'TEpGBgQ5arfqSGvacwxV8qfD7RL8RALhxs', 'TRX', 'tron', '2024-06-08 00:23:54', '3'),
(7, '5', 'Fr2iTWDggSRh8mXHhMEy', 'TNH9qk9Sa8aKGtdjowBXHZTZ4WNwfDvGLj', 'TRX', 'tron', '2024-06-08 10:48:16', '3'),
(8, '5', 'lq051ekZHBHn3rLLItrO', 'TFJgyV2aLStySod76iKAoLHv3tRaYfVCGD', 'TRX', 'tron', '2024-06-08 10:48:23', '2'),
(9, '6', 'VpTSsFyRq6s30krypMwC', 'TPht4aao4uBnoHrv5voqFndLSVQwizDr9e', 'TRX', 'tron', '2024-06-09 22:44:55', '2'),
(10, '1', 'dNvI9f24jAlKvWC6NAAi', 'TFLAzZiGvYVXRToQQSdugrAVpJYEBJhNxP', 'TRX', 'tron', '2024-06-13 20:09:34', '3'),
(11, '1', 'ExSnmpm8C8dPx1oPN5Ze', 'TRT2LQAahmm3n5F8G2SBgKCwpF15x5y6qd', 'TRX', 'tron', '2024-06-16 09:03:25', '3'),
(12, '1', '9ywdRBraQgBfNzdH5KGG', 'CAxbXKCc7vM17RbfBrVx5sKAKTB9ikrbaCJ8gXE9ic9u', 'SOL', 'sol', '2024-06-16 09:03:33', '2'),
(13, '10', '5N5DJ7aAFkANAOpXSvsU', 'TPU4TNk1KsXcArzGS9JUUHvs7XJYYmeRgJ', 'TRX', 'tron', '2024-06-26 04:31:26', '3'),
(14, '14', 'Vba7rWofJIAXlhYJm3TQ', 'TMNmaRrbx6Hy1Lv7h2EFiHVxZwvsqkmLmF', 'TRX', 'tron', '2024-06-26 20:42:09', '3'),
(15, '14', 'dxXgCOeohVoHommWDbia', 'GxtHpHuY41doXQudx12ah6en2HSPPMnkXrz4MTXpCHfk', 'SOL', 'sol', '2024-06-26 20:42:19', '2'),
(16, '14', '3jb5oOUDTyy6LT2dRd3P', 'TBnavAaUJ8aNaRMiBqDThUudRH9CDBmt2g', 'TRX', 'tron', '2024-06-28 09:14:15', '2'),
(17, '18', 'eNW2jS8pCdgoydDSylEu', 'TM4e7CGRhrGB9L7U23xDorPEL4RpcdLPLQ', 'TRX', 'tron', '2024-06-29 13:18:35', '3'),
(18, '21', 'I6jgiDmcsMpdcINptM1Z', 'TFGVrDe9XtUHkYJXd5bvhhhyZrT354Gwnf', 'TRX', 'tron', '2024-06-30 22:15:11', '3'),
(19, '22', 'ut9PG4BEPcaOwoSF1Z2y', '2rqVyp6D4Pw8H9ze3SHMSCSu5qGuoo9Ds4svdKcTQLq8', 'SOL', 'sol', '2024-07-05 21:25:40', '3'),
(20, '21', 'zOIo9zTJBIHNBG5wjURE', 'TMa5HshqKvteG1t1whpezVyZeEBTTih33J', 'TRX', 'tron', '2024-07-11 20:58:05', '3'),
(21, '22', 'DjNVucpASQZJkYpYO52d', '9znvxeQ2EvJRHvoSBhHM1fUAABsCuxNVE99aLYDKStDP', 'SOL', 'sol', '2024-07-13 14:40:40', '3'),
(22, '21', 'QDmMmazzBqrLNQNeYP5w', 'TM2QNybeFFUcaySrtUD5L3t2FcUUfhos2A', 'TRX', 'tron', '2024-07-22 09:21:56', '3'),
(23, '21', 'lpIJezJODZeu1nMP0UYS', '2cZgZXN3qBA2SCUfJn6xpqBe7EysoKxcG7aBhNyRfQCc', 'SOL', 'sol', '2024-08-09 12:04:57', '2'),
(24, '21', 'UiuEfP0K3cu43zTnr6VH', 'TGgcHQJvZnfLD5QJSDjpV5NA9jy7ULvfi1', 'TRX', 'tron', '2024-08-09 12:05:04', '2');

-- --------------------------------------------------------

--
-- Table structure for table `crypto_recharge`
--

CREATE TABLE `crypto_recharge` (
  `id` int(11) NOT NULL,
  `user_id` varchar(255) NOT NULL,
  `amount` varchar(255) NOT NULL,
  `order_id` varchar(255) NOT NULL,
  `recharge_time` varchar(255) NOT NULL,
  `status` varchar(255) NOT NULL
) ENGINE=MyISAM DEFAULT CHARSET=utf8mb3 COLLATE=utf8mb3_general_ci;

-- --------------------------------------------------------

--
-- Table structure for table `custom_price`
--

CREATE TABLE `custom_price` (
  `id` int(11) NOT NULL,
  `user_id` varchar(255) NOT NULL,
  `type` varchar(255) NOT NULL,
  `discount` varchar(255) NOT NULL,
  `service_id` varchar(255) NOT NULL,
  `server_id` varchar(255) NOT NULL
) ENGINE=InnoDB DEFAULT CHARSET=utf8mb4 COLLATE=utf8mb4_general_ci;

-- --------------------------------------------------------

--
-- Table structure for table `otp_server`
--

CREATE TABLE `otp_server` (
  `id` int(11) NOT NULL,
  `server_name` varchar(255) CHARACTER SET utf8mb4 COLLATE utf8mb4_unicode_ci NOT NULL,
  `server_code` varchar(255) NOT NULL,
  `api_id` varchar(255) NOT NULL,
  `status` varchar(255) NOT NULL
) ENGINE=MyISAM DEFAULT CHARSET=utf8mb3 COLLATE=utf8mb3_general_ci;

--
-- Dumping data for table `otp_server`
--

INSERT INTO `otp_server` (`id`, `server_name`, `server_code`, `api_id`, `status`) VALUES
(283, ' United Kingdom', '16', '6', '1'),
(286, 'United States	', '12', '6', '1'),
(282, 'Canada', '36', '6', '1'),
(287, ' UAE', '95', '6', '1'),
(288, '  Saudi Arabia', '53', '6', '1'),
(284, 'Qatar', '111', '6', '1'),
(285, 'Turkey', '62', '6', '1'),
(328, 'Egypt', '21', '6', '1'),
(334, 'Seychelles', '184', '6', '1'),
(333, 'Grenada', '127', '6', '1'),
(332, 'Slovakia', '141', '6', '1'),
(331, 'Finland', '163', '6', '1'),
(330, 'Ireland', '23', '6', '1'),
(329, 'Hong Kong', '14', '6', '1'),
(326, 'Denmark', '172', '6', '1'),
(327, 'Monaco', '144', '6', '1'),
(318, 'Brazil', '73', '6', '1'),
(325, 'Colombia', '33', '6', '1'),
(324, 'China', '3', '6', '1'),
(323, 'Sweden', '46', '6', '1'),
(322, 'Puerto Rico', '97', '6', '1'),
(321, 'Cape Verde', '186', '6', '1'),
(320, 'Norway', '174', '6', '1'),
(319, 'Argentinas', '39', '6', '1'),
(317, 'Greece', '129', '6', '1'),
(316, 'Mexico', '54', '6', '1'),
(315, 'Peru', '65', '6', '1'),
(314, 'Poland', '15', '6', '1'),
(300, 'Singapore', '196', '6', '1'),
(313, 'Portugal', '117', '6', '1'),
(312, 'Ghana', '38', '6', '1'),
(311, 'Thailand', '52', '6', '1'),
(310, 'Romania', '32', '6', '1'),
(309, 'Philippines', '4', '6', '1'),
(308, 'Malaysia', '7', '6', '1'),
(307, 'Ukraine', '1', '6', '1'),
(306, 'Bangladesh', '60', '6', '1'),
(305, ' South Africa', '31', '6', '1'),
(304, 'Nigeria', '19', '6', '1'),
(303, 'Korea', '1002', '6', '1'),
(302, 'India', '22', '6', '1'),
(301, 'Indonesia', '6', '6', '1'),
(299, ' New Zealand', '67', '6', '1'),
(295, 'Austria', '50', '6', '1'),
(298, 'Germany', '43', '6', '1'),
(297, 'Morocco', '37', '6', '1'),
(296, 'Russia', '0', '6', '1'),
(293, 'Netherlands', '48', '6', '1'),
(294, 'Australia', '175', '6', '1'),
(291, 'France', '78', '6', '1'),
(292, 'Italy', '86', '6', '1'),
(290, 'Spain', '56', '6', '1'),
(289, 'Vietnam', '10', '6', '1'),
(278, 'Paraguay', '87', '6', '1');

-- --------------------------------------------------------

--
-- Table structure for table `promocode`
--

CREATE TABLE `promocode` (
  `id` int(11) NOT NULL,
  `promocode` varchar(255) NOT NULL,
  `for_user` varchar(255) NOT NULL,
  `amount` varchar(255) NOT NULL,
  `date` datetime NOT NULL
) ENGINE=MyISAM DEFAULT CHARSET=utf8mb3 COLLATE=utf8mb3_general_ci;

-- --------------------------------------------------------

--
-- Table structure for table `promocode_history`
--

CREATE TABLE `promocode_history` (
  `id` int(11) NOT NULL,
  `user_id` varchar(255) NOT NULL,
  `promocode` varchar(255) NOT NULL,
  `code_id` varchar(255) NOT NULL,
  `amount` varchar(255) NOT NULL,
  `date` varchar(255) NOT NULL,
  `status` varchar(255) NOT NULL
) ENGINE=MyISAM DEFAULT CHARSET=utf8mb3 COLLATE=utf8mb3_general_ci;

-- --------------------------------------------------------

--
-- Table structure for table `refer_data`
--

CREATE TABLE `refer_data` (
  `id` int(11) NOT NULL,
  `user_id` varchar(255) NOT NULL,
  `own_code` varchar(255) NOT NULL,
  `refer_by` varchar(255) NOT NULL,
  `balance` varchar(255) NOT NULL,
  `transfer` varchar(255) NOT NULL,
  `total_earn` varchar(255) NOT NULL
) ENGINE=MyISAM DEFAULT CHARSET=utf8mb3 COLLATE=utf8mb3_general_ci;

--
-- Dumping data for table `refer_data`
--

INSERT INTO `refer_data` (`id`, `user_id`, `own_code`, `refer_by`, `balance`, `transfer`, `total_earn`) VALUES
(1, '1', 'kucvfee356ir7259peep0rhef', '', '0', '0', '0'),
(2, '2', 't9o8ezptzg8m600i0h6us72pc', '', '0', '0', '0'),
(3, '3', 'yoamm3cqbqhmg1qvn0fvylzyg', '', '0', '0', '0'),
(4, '5', '1jj518ismy7ngcdzht0ijty5u', '', '0', '0', '0'),
(5, '6', '5dzixp1y81tyiqir4ararppgb', '', '0', '0', '0'),
(6, '7', 'gefnvga88ef54j8tcjxirzwpt', '', '0', '0', '0'),
(7, '8', 'rcd7yb8a694hjf7y1mhsj75qu', '', '0', '0', '0'),
(8, '9', 'ox7px6qicl1ddkmnu0dxf60cp', '', '0', '0', '0'),
(9, '10', '2wnacsqesuhtaa6cj2hfq18zt', '', '0', '0', '0'),
(10, '11', 'it3gytxfnx0g9h7l0bptmafum', '', '0', '0', '0'),
(11, '13', 'md6cmtjlr169sku9g5b1iiyi7', '', '0', '0', '0'),
(12, '14', 'xmbplqbfabr6b4uvk9vabl62c', '', '0', '0', '0'),
(13, '15', 'mok3v7fmx0cf9rjrltyhikrap', '', '0', '0', '0'),
(14, '16', 'ycbf4chpe0a3uulv207vrmbwh', '', '0', '0', '0'),
(15, '17', 'dz4n2qvyvpzkpj71v81is7li0', '', '0', '0', '0'),
(16, '18', 'euy5wgjvmuq1n0vhi2ninrw3j', '', '0', '0', '0'),
(17, '19', 'mepb1yz38zaobvhmeebdm73ku', '', '0', '0', '0'),
(18, '20', 'kuidj2lbuavn9lz0rw0mauv6u', '', '0', '0', '0'),
(19, '21', 'zskxkmpqqjjs8gyz9cnlbqwja', '', '0', '0', '0'),
(20, '22', 'yz4dgzcbhjgi3njiq75pgzy50', '', '0', '0', '0'),
(21, '23', 'fo7apgkksqou8aeijmg9b3wxf', '', '0', '0', '0'),
(22, '24', 'ne6kio7sw9xlekat6bi7rwyj8', '', '0', '0', '0'),
(23, '25', 'vkjuad2fiesbx93i05wj8y3wo', '', '0', '0', '0'),
(24, '26', 'lhk97wienmd0slplx00jlbft9', '', '0', '0', '0'),
(25, '27', 'oq04t5g7p8kq49zie9macsikk', '', '0', '0', '0'),
(26, '29', '9j8ps8zvv6orsqopko25eh2j6', '', '0', '0', '0'),
(27, '30', '9qg2t293bkqp8y5uprl622x3i', '', '0', '0', '0'),
(28, '31', 'nknwh14ree570culf5efgpbex', '', '0', '0', '0'),
(29, '32', 'bl4ng4h4qw28esdmuazex6o5f', '', '0', '0', '0'),
(30, '33', 'm35h1o3ld8f64oaetye6fxode', '', '0', '0', '0'),
(31, '34', '42qrevtrnj8khxd8ubpzheo2p', '', '0', '0', '0'),
(32, '35', '9y9mk18o12wxdn66lem20pgsm', '', '0', '0', '0'),
(33, '36', '67u2gxjejgd88p8vjz2dfcxa0', '', '0', '0', '0'),
(34, '37', '6uq85bkf1i4zyh8eifg8njx77', '', '0', '0', '0'),
(35, '38', 'd4eac28hokkkadgaipf9xq3x6', '', '0', '0', '0'),
(36, '39', 'h73ila9ru7z5gdv09gkwtmpsf', '', '0', '0', '0'),
(37, '40', '6p4vwvfqq73r9k7yyq5y6ele4', '', '0', '0', '0'),
(38, '41', 's3waaqj5jvvypnmlxe7wii5pw', '', '0', '0', '0'),
(39, '42', 'nvxauu6j5nu0jbt0l23udqfch', '', '0', '0', '0'),
(40, '43', 'w31budd2qq8m45wp3ncwtus9u', '', '0', '0', '0'),
(41, '44', 'eixprux5jixcwzbzqflpqkmmz', '', '0', '0', '0'),
(42, '45', 'ccf1hqbxffbp7y1mla0vrl6cc', '', '0', '0', '0'),
(43, '46', 'bfdnsm5oxs26up65pvj6hks6r', '', '0', '0', '0'),
(44, '47', 'pe4ulv5rw8ehalsq2pygnv855', '', '0', '0', '0'),
(45, '48', '0ckh99y9ph3638bvq90q95irc', '', '0', '0', '0'),
(46, '49', 'zmc0zom4jpjkd0ro3xvn5i8nd', '', '0', '0', '0'),
(47, '50', 'prho2vmjf1t41suf1una7nf2d', '', '0', '0', '0'),
(48, '51', '5r1a31m69yy1sodfp12p1rdih', '', '0', '0', '0'),
(49, '52', 'qf9hqje4bf4dc7xl8jrilenek', '', '0', '0', '0'),
(50, '53', 'pwjndbnhe69xll5444o6culjg', '', '0', '0', '0'),
(51, '54', '048s3c5u8qlbndzmer1fmldow', '', '0', '0', '0'),
(52, '55', '8pob1ucylg8i3yp19cf9yr3jx', '', '0', '0', '0'),
(53, '56', '2nhhc4vxkecfg5zw5oy2o98yv', '', '0', '0', '0'),
(54, '57', 'jj1xha0fmqhrbl0375bgm63nm', '', '0', '0', '0'),
(55, '58', 'kmk392evl4o1ha1eit4epza8v', '', '0', '0', '0'),
(56, '59', 'jvztdq0vs0aofoeaug3glljvd', '', '0', '0', '0'),
(57, '60', 'znzw8v5j312nsufxue583vnt8', '', '0', '0', '0'),
(58, '61', '5v9wrn4fpeijrps1twub3radt', '', '0', '0', '0');

-- --------------------------------------------------------

--
-- Table structure for table `refer_history`
--

CREATE TABLE `refer_history` (
  `id` int(11) NOT NULL,
  `user_id` varchar(255) NOT NULL,
  `type` varchar(255) NOT NULL,
  `date` varchar(255) NOT NULL,
  `status` varchar(255) NOT NULL,
  `amount` varchar(255) NOT NULL
) ENGINE=MyISAM DEFAULT CHARSET=utf8mb3 COLLATE=utf8mb3_general_ci;

-- --------------------------------------------------------

--
-- Table structure for table `service`
--

CREATE TABLE `service` (
  `id` int(11) NOT NULL,
  `service_name` varchar(255) NOT NULL,
  `service_id` varchar(255) NOT NULL,
  `server_id` varchar(255) NOT NULL,
  `service_price` varchar(255) NOT NULL,
  `status` varchar(255) NOT NULL
) ENGINE=MyISAM DEFAULT CHARSET=utf8mb3 COLLATE=utf8mb3_general_ci;

--
-- Dumping data for table `service`
--

INSERT INTO `service` (`id`, `service_name`, `service_id`, `server_id`, `service_price`, `status`) VALUES
(1, 'Winzo', 'wnz', '1', '12', '1'),
(2, 'Any other ', 'ot', '1', '2', '1'),
(3, 'Bharat pe ', 'bhr', '1', '5', '1'),
(4, 'Winzo ', 'vs', '2', '15', '1'),
(5, 'Any Other ', 'ot', '3', '6', '1'),
(6, 'Instagram ', 'idg', '3', '6', '1'),
(7, 'Google,YouTube,Gmail ', 'go', '3', '7', '1'),
(8, 'Google(3)', 'go_3', '3', '11', '1'),
(9, 'Vkontakte', 'vk', '3', '6', '1'),
(10, 'Telegram ', 'tg', '3', '24', '1'),
(11, 'Telegram (3)', 'tg_3', '3', '30', '1'),
(12, 'Amazon ', 'am', '3', '8', '1'),
(13, 'Amazon (3)', 'am_3', '3', '13', '1'),
(14, 'WhatsApp ', 'wa', '3', '40', '1'),
(15, 'WhatsApp (5)', 'wa_5', '3', '35', '1'),
(16, 'Open ai', 'dr', '3', '35', '1'),
(17, 'Mihuashi', 'yd', '3', '6', '1'),
(18, 'Redbus', 'ci', '3', '6', '1'),
(19, 'CommunityGaming', 'zx', '3', '6', '1'),
(20, 'BeReal', 'ck', '3', '6', '1'),
(21, 'Adani', 'bq', '3', '6', '1'),
(22, 'Loanflix', 'di', '3', '6', '1'),
(23, 'AUBANK', 'du', '3', '6', '1'),
(24, 'RummyCulture', 'ec', '3', '6.7', '1'),
(25, 'Indian oil', 'Fg', '3', '7.3', '1'),
(26, 'Hirect', 'ks', '3', '6', '1'),
(27, 'Medibuddy', 'lg', '3', '7', '1'),
(28, 'Cashmine', 'ld', '3', '6', '1'),
(29, 'Linode', 'ex', '3', '7', '1'),
(30, 'EscapeFromTarkov', 'ah', '3', '6', '1'),
(31, 'Stockydodo', 'ali', '3', '6.5', '1'),
(32, 'Mera Gaon', 'alp', '3', '6.5', '1'),
(33, 'ZET:Refer&Earn', 'zra', '3', '6.5', '1'),
(34, 'Hinge Dating ', 'aii', '3', '6.5', '1'),
(35, 'Bookmyplay', 'akg', '3', '7', '1'),
(36, 'Fan tv', 'fat', '3', '7', '1'),
(37, 'CheQ credit ', 'cec', '3', '7', '1'),
(38, 'Vegas Casino', 'vec', '3', '7', '1'),
(39, 'Yes bank', 'yeb', '3', '7', '1'),
(40, 'Pickright', 'pic', '3', '7', '1'),
(41, 'Winds', 'wds', '3', '7', '1'),
(42, 'Kreditbee', 'krb', '3', '7', '1'),
(43, 'Khatabook', 'adk', '3', '7', '1'),
(44, 'Marwadi', 'adg', '3', '7', '1'),
(45, 'FitCredit', 'adm', '3', '7', '1'),
(46, 'Crickex', 'rix', '3', '7', '1'),
(47, 'Rummy Vip', 'ruv', '3', '7', '1'),
(48, 'Gromo partner', 'grr', '3', '7', '1'),
(49, 'QwikCilver', 'acr', '3', '7', '1'),
(50, 'Pantaloons', 'pas', '3', '7', '1'),
(93, 'Rush', 'rsh', '3', '7', '1'),
(52, 'CollabAct', 'acg', '3', '7', '1'),
(54, 'TVS motor', 'tvm', '3', '7', '1'),
(55, 'Winter Loan', 'acf', '3', '7', '1'),
(56, 'Teenpatti lucky card', 'tlc', '3', '7', '1'),
(57, 'JioCinema', 'jic', '3', '7', '1'),
(58, 'Ludo Select', 'lul', '3', '7', '1'),
(59, 'Nykaa', 'nyk', '3', '7', '1'),
(60, 'Gullak', 'gul', '3', '6.5', '1'),
(61, 'Fello', 'fll', '3', '6.5', '1'),
(62, 'Booster', 'boo', '3', '6', '1'),
(63, 'PokerBaazi', 'pok', '3', '6', '1'),
(64, 'Eatclub', 'etc', '3', '6.5', '1'),
(65, 'Pipiko', 'pip', '3', '6.5', '1'),
(66, 'KaloorSports', 'kal', '3', '6.5', '1'),
(67, 'GamerPe', 'gmp', '3', '6.5', '1'),
(68, '96in', 'nis', '3', '6.5', '1'),
(69, 'GetMega', 'gem', '3', '6', '1'),
(70, 'SMARTCOIN', 'smo', '3', '6', '1'),
(71, 'GROUPON MALL', 'grm', '3', '6', '1'),
(72, 'Mgamer', 'mga', '3', '6', '1'),
(73, 'Marvel bet', 'mab', '3', '6', '1'),
(74, 'ixigo Train Status Book Ticket', 'ixi', '3', '6', '1'),
(75, 'Cashbee', 'cab', '3', '6', '1'),
(76, 'Khilladi', 'khd', '3', '6', '1'),
(77, 'Open phone', 'opp', '3', '6', '1'),
(78, 'Winzo', 'wnz', '3', '17', '1'),
(79, 'Winzo (5)', 'wnz_5', '3', '17', '1'),
(80, 'Winzo (3)', 'wnz_3', '3', '22', '1'),
(81, 'Flipkart ', 'flp', '3', '12', '1'),
(109, 'Winzo', 'winzo', '9', '22', '1'),
(127, 'Teenpatti Joy', 'teenpattijoy', '8', '8', '1'),
(84, 'Airtel ', 'zl', '3', '10', '1'),
(94, 'Rainbow Rummy ', 'ray', '3', '6', '1'),
(91, 'Paytm', 'ge', '3', '12.5', '1'),
(87, 'Jio mart', 'jmt', '3', '5', '1'),
(90, 'Winzo', 'vs', '7', '13.5', '1'),
(92, 'Microsoft ', 'mm', '3', '6', '1'),
(95, 'Rummy Ares', 'rms', '3', '6', '1'),
(118, 'Joy Rummy', 'jor', '3', '6.5', '1'),
(97, 'Rummy XL', 'rux', '3', '6', '1'),
(98, 'Rummy Bloc', 'rmu', '3', '6', '1'),
(99, 'Rummy Tour', 'rmo', '3', '6', '1'),
(100, 'Deccan Rummy', 'der', '3', '6', '1'),
(101, 'Rummy Master', 'rmr', '3', '6', '1'),
(102, 'LazyPay', 'bb', '3', '6', '1'),
(103, 'MobiKwik', 'fo', '3', '9', '1'),
(104, 'Swiggy', 'jx', '3', '9', '1'),
(105, 'Winzo new ', 'winzo', '8', '12', '1'),
(106, 'Jiomart', 'jiomart', '8', '5', '1'),
(107, 'Airtel ', 'airtel', '8', '11', '1'),
(129, 'Navi', 'nav', '3', '6', '1'),
(110, 'Truecaller', 'tl', '3', '6', '1'),
(111, 'Lazypay ', 'lazypay', '8', '8', '1'),
(114, 'Yono games ', 'yog', '3', '6.5', '1'),
(115, 'Yono games ', 'yonogames', '8', '7', '1'),
(116, 'Teenpatti Joy', 'ttj', '3', '6.5', '1'),
(117, 'Rummy Nabob', 'rmn', '3', '6.5', '1'),
(119, 'Zupee', 'mi', '3', '12', '1'),
(128, 'LazyPay', 'bb', '10', '7', '1'),
(149, '<span style=\"color: blue; font-weight: bold;\">Winzo</span> <sup style=\"color:red\">95% new</sup>', 'vs', '4', '7', '1'),
(130, 'TeenPatti refer-earn', 'ter', '3', '6', '1'),
(131, 'IRCTC', 'irc', '3', '8', '1'),
(133, 'Winzo', 'vs', '12', '17', '1'),
(135, 'WhatsApp', 'whatsapp', '8', '25', '1'),
(136, 'Any other ', 'other', '8', '8', '1'),
(221, 'IRCTC ', 'us', '4', '15', '1'),
(140, 'winzo', 'vs', '14', '9', '1'),
(150, 'Telegram ', 'tg', '19', '25', '1'),
(142, 'My11Circle', 'my11circle', '8', '6', '1'),
(144, 'My11Circle', 'rlr', '3', '7', '1'),
(145, 'Ludo Supreme', 'lus', '3', '6', '1'),
(146, 'Winzo', 'vs', '15', '15', '1'),
(147, 'Yonorummy', 'yonorummy', '8', '10', '1'),
(148, 'Winzo', 'wnz', '16', '9', '1'),
(151, 'IRCTC ', 'irctc', '8', '12', '1'),
(152, 'Truecaller ', 'tl', '20', '3.5', '1'),
(153, 'Microsoft ', 'mm', '20', '3.2', '1'),
(154, 'LazyPay ', 'bb', '20', '7.5', '1'),
(155, 'Paytm ', 'ge', '20', '11.5', '1'),
(156, 'Dream 11', 've', '20', '15', '1'),
(157, 'Winzo', 'vs', '20', '15', '1'),
(158, 'IndianOil', 'fg', '20', '5.5', '1'),
(159, 'Winzo', 'vs', '21', '16', '1'),
(160, 'Yono rummy ', 'yog', '20', '12', '1'),
(161, 'Fastwin', 'fst', '3', '8', '1'),
(162, 'Google ', 'google', '8', '6', '1'),
(163, 'Winzo', 'vs', '22', '12.5', '1'),
(164, 'Truecaller ', 'tl', '22', '5', '1'),
(166, 'Google ', 'go', '22', '7', '1'),
(204, 'IRCTC ', '0183', '26', '6.2', '1'),
(177, 'WhatsApp ', '0107', '26', '20', '1'),
(176, 'Yonogames ', '2423', '26', '10', '1'),
(172, 'Winzo 90% old ', '1551', '26', '7.8', '1'),
(249, 'Whatsapp', 'wa', '29', '100', '1'),
(178, 'Telegram ', '0257', '26', '18', '1'),
(179, 'Truecaller ', '0284', '26', '6', '1'),
(473, 'LuckyLand Slots', 'acc', '334', '532.50', '1'),
(458, 'WhatsApp', 'wa', '286', '1980.56', '1'),
(648, 'Instagram', 'ig', '282', '1130.50', '1'),
(379, 'Bajaj finance ', 'bfs', '46', '5', '1'),
(390, 'Winzo', 'vs', '51', '5', '1'),
(454, 'Telegram', 'tg', '277', '1300', '1'),
(455, 'WhatsApp', 'wa', '70', '1750', '1'),
(456, 'Amazon / AWS', 'am', '278', '743.75', '1'),
(457, 'Yahoo', 'mb', '286', '645.50', '1'),
(380, 'pgtry', 'rtr', '46', '8', '1'),
(452, 'Paypal', '2', '275', '2312.50', '1'),
(453, 'WhatsApp', 'wa', '275', '1586.40', '1'),
(459, 'WeChat', 'wb', '286', '665.00', '1'),
(205, 'Zomato ', '0945', '26', '7.5', '1'),
(448, 'Telegram', 'tg', '27', '2310.50', '1'),
(207, 'Flipkart ', '0563', '26', '7.9', '1'),
(211, 'Simpl', '1814', '26', '10', '1'),
(215, 'Airtel ', '0893', '26', '11', '1'),
(467, 'LuckyLand Slots', 'acc', '283', '673.50', '1'),
(461, 'VKontakte', 'vk', '286', '830.45', '1'),
(218, 'TeenPatti live', '2746', '26', '10', '1'),
(469, 'LuckyLand Slots', 'acc', '288', '984.50', '1'),
(468, 'LuckyLand Slots', 'acc', '287', '805.50', '1'),
(224, 'LazyPay', 'bb', '4', '10', '1'),
(225, 'Cardspatti', '4197', '26', '8.5', '1'),
(389, 'Airtel ', 'zl', '25', '12.5', '1'),
(476, 'LuckyLand Slots', 'acc', '331', '642.50', '1'),
(474, 'LuckyLand Slots', 'acc', '333', '642.50', '1'),
(594, 'Telegram', 'tg', '282', '1267.50', '1'),
(593, 'Telegram', 'tg', '286', '1824.50', '1'),
(465, 'LuckyLand Slots', 'acc', '282', '673.50', '1'),
(450, 'Telegram', '1', '275', '1324.70', '1'),
(248, 'Whatsapp', 'wa', '28', '25', '1'),
(391, 'Myntra', 'nl', '46', '7', '1'),
(258, 'Winzo 88% new', 'vs', '30', '7', '1'),
(471, 'LuckyLand Slots', 'acc', '285', '672.50', '1'),
(462, 'Viber', 'vi', '286', '958.80', '1'),
(449, 'WhatsApp', '5', '275', '1590.01', '1'),
(362, 'anyother', 'ot', '45', '3', '1'),
(270, 'winzo old', '1551', '31', '7.5', '1'),
(271, 'WhatsApp', 'wa', '27', '1556.92', '1'),
(277, 'Winzo', 'vs', '32', '7.5', '1'),
(279, 'IRCTC ', 'irc', '33', '7.5', '1'),
(280, 'Irct', 'us', '34', '100', '1'),
(282, '❗Winzo❗99% new ', 'wnz', '35', '6.5', '1'),
(364, 'dream11', 've', '45', '5', '1'),
(372, 'dream11', 've', '4', '7.5', '1'),
(475, 'LuckyLand Slots', 'acc', '332', '642.50', '1'),
(366, 'airtel', 'zl', '45', '3', '1'),
(365, 'flipkart', 'xt', '45', '5', '1'),
(291, 'WhatsApp new', 'wa', '36', '35', '1'),
(293, 'Airtel ', '0893', '31', '12', '1'),
(387, 'Facebook ', 'fb', '50', '5', '1'),
(383, 'Rush', 'kv', '48', '5.5', '1'),
(385, 'Winzo 95% new', 'vs', '49', '8.5', '1'),
(386, 'Irctc', 'us', '50', '7', '1'),
(377, 'Winzo old 70%', 'vs', '46', '8', '1'),
(301, 'Flipkart old', '0563', '31', '6', '1'),
(302, 'Zupee', 'mi', '30', '7', '1'),
(303, 'Dream11 ', 've', '30', '9', '1'),
(304, 'My11 circle ', 'ha', '4', '5', '1'),
(470, 'LuckyLand Slots', 'acc', '284', '872.50', '1'),
(370, 'Pgtry', 'rtr', '41', '8', '1'),
(308, '<span style=\"color: red; font-weight: bold;\">Anyother</span>', 'ot', '37', '4', '1'),
(309, '<span style=\"color: red; font-weight: bold;\">bajaj</span>', 'agq', '37', '5', '1'),
(310, 'Winzo', 'vs', '37', '4', '1'),
(311, '<span style=\"color: red; font-weight: bold;\">zepto</span>', 'adi', '37', '4', '1'),
(312, '<span style=\"color: red; font-weight: bold;\">Tataneu</span> ', 'ace', '37', '3', '1'),
(313, '<span style=\"color: red; font-weight: bold;\">Jiomart</span>', 'aay', '37', '3.5', '1'),
(314, '<span style=\"color: red; font-weight: bold;\">My11circle</span>', 'ha', '37', '3', '1'),
(315, '<span style=\"color: red; font-weight: bold;\">dream11</span>', 've', '37', '5.5', '1'),
(328, 'DREAM 11', 've', '41', '11', '1'),
(316, ' <span style=\"color: red; font-weight: bold;\">WhatsApp</span>', 'wa', '37', '30', '1'),
(320, '<span style=\"color: red; font-weight: bold;\">Flipkart</span>', 'xt', '37', '5', '1'),
(317, '<span style=\"color: red; font-weight: bold;\">olx</span>', 'sn', '37', '2.5', '1'),
(318, '<span style=\"color: red; font-weight: bold;\">Amazon</span>', 'am', '37', '4', '1'),
(319, '<span style=\"color: red; font-weight: bold;\">Google</span>', 'go', '37', '2.5', '1'),
(321, '<span style=\"color: red; font-weight: bold;\">Zupee</span>', 'mi', '37', '4', '1'),
(322, '<span style=\"color: red; font-weight: bold;\">IRCTC</span>', 'us', '37', '4.5', '1'),
(325, 'Winzo', 'vs', '39', '5', '1'),
(323, 'ANYOTHER ', 'ot', '38', '4', '1'),
(324, '<span style=\"color: red; font-weight: bold;\">Rummy circle</span>', 'adj', '37', '4', '1'),
(326, 'Any other ', 'ot', '39', '4', '1'),
(327, 'Winzo new 90%', 'vs', '40', '4', '1'),
(329, 'winzo old 70%', 'vs', '41', '7', '1'),
(373, 'Goldsbet', 'sgo', '41', '6', '1'),
(374, 'dream11', 've', '25', '10', '1'),
(335, 'Bajaj finserv ', 'bfs', '41', '5', '1'),
(336, 'Flipkart ', 'xt', '41', '7', '1'),
(337, 'Google,youtube,Gmail', 'go', '41', '5', '1'),
(338, 'Amazon ', 'am', '41', '8', '1'),
(477, 'LuckyLand Slots', 'acc', '330', '642.50', '1'),
(382, 'Winzo', 'wnz', '48', '5', '1'),
(381, 'Winzo', 'wnz', '47', '5', '1'),
(376, 'Winzo 80% new', 'vs', '25', '7', '1'),
(343, 'Jiomart', 'aay', '41', '4', '1'),
(344, 'My11Circle', 'ha', '41', '6', '1'),
(345, 'Rush', 'kv', '41', '6.5', '1'),
(346, 'Airtel ', 'zl', '41', '12', '1'),
(363, 'irctc', 'us', '45', '3', '1'),
(351, 'Winzo', 'vs', '42', '4', '1'),
(367, 'bajaj finserv', 'agq', '45', '3', '1'),
(368, 'olx', 'sn', '45', '2.5', '1'),
(472, 'LuckyLand Slots', 'acc', '328', '732.50', '1'),
(393, 'My Jar', 'mjr', '46', '6.5', '1'),
(394, 'Winzo ', 'wnz', '52', '5', '1'),
(395, 'Bajaj', 'bfs', '52', '4', '1'),
(396, 'Rummy wealth ', 'so', '46', '8', '1'),
(397, 'Dream 11', 've', '49', '12', '1'),
(398, 'Nykaa', 'nkn', '46', '6', '1'),
(399, 'Flipkart ', 'xt', '46', '6.5', '1'),
(400, 'Facebook', 'fb', '46', '6', '1'),
(401, 'MobiKwik', 'fo', '46', '5.5', '1'),
(402, 'dream11', 've', '46', '8.9', '1'),
(430, 'Goldsbet', 'sgo', '60', '6.5', '1'),
(404, 'Goldsbet', 'sgo', '46', '9', '1'),
(405, 'Winzo', 'vs', '56', '7', '1'),
(406, 'Dream11', 've', '56', '7.5', '1'),
(407, 'winzo', 'wnz', '57', '50', '1'),
(417, 'winzo', 'vs', '60', '8', '1'),
(409, 'kamaai kender', 'eid', '46', '5.5', '1'),
(412, 'Amazon (fastest server)', 'am', '46', '8', '1'),
(413, 'Holy rummy', 'mmt', '46', '5.5', '1'),
(414, '567 slots', 'tss', '46', '5.5', '1'),
(415, 'WINZO', 'vs', '58', '5', '1'),
(416, 'Winzo', 'wnz', '59', '5', '1'),
(418, ' Yono Rummy', 'mrn', '46', '7.5', '1'),
(419, ' Yono VIP', 'nio', '46', '5.5', '1'),
(420, 'Yono Games', 'agr', '46', '5.5', '1'),
(421, 'Yono Arcade', 'deo', '46', '5.5', '1'),
(427, 'any other', 'ot', '62', '6.5', '1'),
(423, 'winzo', 'vs', '61', '7.5', '1'),
(424, 'whatsapp', 'wa', '60', '40', '1'),
(425, 'Yono Arcade', 'deo', '60', '6', '1'),
(433, 'amit', 'us', '46', '8', '1'),
(428, 'rush', 'kv', '60', '5.5', '1'),
(429, 'flipkart', 'xt', '60', '6', '1'),
(431, 'Winzo emergency ', 'vs', '62', '12.5', '1'),
(432, 'Amazon (super fast)', 'am', '60', '8', '1'),
(434, 'Winzo', 'vs', '63', '6', '1'),
(435, 'Winzo', 'vs', '64', '8', '1'),
(436, 'Winzo', 'vs', '65', '5', '1'),
(437, 'Dream11', 've', '65', '7', '1'),
(438, 'Dream11 ', 've', '64', '10.5', '1'),
(439, 'Paytm', 'ge', '65', '12', '1'),
(441, 'Winzo', 'vs', '66', '10', '1'),
(442, 'Winzo', 'vs', '67', '20', '1'),
(451, 'Tinder', '82', '275', '1150.00', '1'),
(445, 'Tiktok', 'lf', '68', '500', '1'),
(446, 'Instagram', 'ig', '265', '696.96', '1'),
(447, 'WhatsApp', 'wa', '265', '1300', '1'),
(478, 'LuckyLand Slots', 'acc', '329', '642.50', '1'),
(479, 'LuckyLand Slots', 'acc', '326', '642.50', '1'),
(480, 'LuckyLand Slots', 'acc', '327', '642.50', '1'),
(481, 'LuckyLand Slots', 'acc', '318', '642.50', '1'),
(482, 'LuckyLand Slots', 'acc', '325', '642.50', '1'),
(483, 'LuckyLand Slots', 'acc', '324', '642.50', '1'),
(484, 'LuckyLand Slots', 'acc', '323', '642.50', '1'),
(485, 'WhatsApp', 'wa', '283', '3550.50', '1'),
(486, 'WhatsApp', 'wa', '282', '3965.00', '1'),
(487, 'WhatsApp', 'wa', '287', '1668.23', '1'),
(488, 'WhatsApp', 'wa', '288', '1768.23', '1'),
(489, 'WhatsApp', 'wa', '284', '1768.23', '1'),
(490, 'WhatsApp', 'wa', '285', '1768.23', '1'),
(491, 'WhatsApp', 'wa', '328', '2135.50', '1'),
(492, 'WhatsApp', 'wa', '334', '2135.50', '1'),
(493, 'WhatsApp', 'wa', '333', '2135.50', '1'),
(494, 'WhatsApp', 'wa', '332', '2135.50', '1'),
(495, 'WhatsApp', 'wa', '331', '2517.00', '1'),
(496, 'WhatsApp', 'wa', '330', '8765.35', '1'),
(497, 'WhatsApp', 'wa', '329', '6390.56', '1'),
(498, 'WhatsApp', 'wa', '326', '2352.50', '1'),
(499, 'WhatsApp', 'wa', '327', '2652.50', '1'),
(500, 'WhatsApp', 'wa', '318', '4832.67', '1'),
(501, 'WhatsApp', 'wa', '325', '3695.36', '1'),
(502, 'WhatsApp', 'wa', '324', '4950.36', '1'),
(503, 'WhatsApp', 'wa', '323', '4027.29', '1'),
(504, 'WhatsApp', 'wa', '322', '2847.68', '1'),
(505, 'WhatsApp', 'wa', '321', '2147.68', '1'),
(506, 'WhatsApp', 'wa', '320', '1968.23', '1'),
(507, 'WhatsApp', 'wa', '319', '2210.95', '1'),
(508, 'WhatsApp', 'wa', '317', '3058.64', '1'),
(509, 'WhatsApp', 'wa', '316', '2129.32', '1'),
(510, 'WhatsApp', 'wa', '315', '2129.32', '1'),
(511, 'WhatsApp', 'wa', '314', '6528.04', '1'),
(512, 'WhatsApp', 'wa', '300', '97871.50', '1'),
(513, 'WhatsApp', 'wa', '313', '5269.50', '1'),
(514, 'WhatsApp', 'wa', '312', '2256.50', '1'),
(515, 'WhatsApp', 'wa', '311', '3283.61', '1'),
(516, 'WhatsApp', 'wa', '310', '3574.22', '1'),
(517, 'WhatsApp', 'wa', '309', '2210.95', '1'),
(518, 'WhatsApp', 'wa', '308', '4206.14', '1'),
(519, 'WhatsApp', 'wa', '307', '5632.67', '1'),
(520, 'WhatsApp', 'wa', '306', '2350.55', '1'),
(521, 'WhatsApp', 'wa', '305', '2150.55', '1'),
(522, 'WhatsApp', 'wa', '304', '2420.50', '1'),
(523, 'WhatsApp', 'wa', '303', '2350.55', '1'),
(524, 'WhatsApp', 'wa', '302', '2150.55', '1'),
(525, 'WhatsApp', 'wa', '301', '2738.30', '1'),
(526, 'WhatsApp', 'wa', '299', '16530.69', '1'),
(527, 'WhatsApp', 'wa', '295', '6564.77', '1'),
(528, 'WhatsApp', 'wa', '298', '8650.35', '1'),
(529, 'WhatsApp', 'wa', '297', '2915.43', '1'),
(530, 'WhatsApp', 'wa', '296', '6798.58', '1'),
(531, 'WhatsApp', 'wa', '293', '4548.44', '1'),
(532, 'WhatsApp', 'wa', '294', '31319.31', '1'),
(533, 'WhatsApp', 'wa', '291', '2368.23', '1'),
(534, 'WhatsApp', 'wa', '292', '6468.20', '1'),
(535, 'WhatsApp', 'wa', '290', '15108.97', '1'),
(536, 'WhatsApp', 'wa', '289', '2847.68', '1'),
(537, 'WhatsApp', 'wa', '278', '2168.23', '1'),
(538, 'Facebook', 'fb', '286', '1968.83', '1'),
(539, 'Facebook', 'fb', '283', '1584.42', '1'),
(540, 'Facebook', 'fb', '282', '1342.30', '1'),
(541, 'Facebook', 'fb', '287', '1251.85', '1'),
(542, 'Facebook', 'fb', '288', '1251.85', '1'),
(543, 'Facebook', 'fb', '284', '1251.85', '1'),
(544, 'Facebook', 'fb', '285', '1251.85', '1'),
(545, 'Facebook', 'fb', '328', '1426.94', '1'),
(546, 'Facebook', 'fb', '334', '1236.59', '1'),
(547, 'Facebook', 'fb', '333', '1236.59', '1'),
(548, 'Facebook', 'fb', '332', '1492.33', '1'),
(549, 'Facebook', 'fb', '331', '1355.01', '1'),
(550, 'Facebook', 'fb', '330', '1459.50', '1'),
(551, 'Facebook', 'fb', '329', '1560.26', '1'),
(552, 'Facebook', 'fb', '326', '1317.96', '1'),
(553, 'Facebook', 'fb', '327', '1317.96', '1'),
(554, 'Facebook', 'fb', '318', '1242.30', '1'),
(555, 'Facebook', 'fb', '325', '942.50', '1'),
(556, 'Facebook', 'fb', '324', '965.50', '1'),
(557, 'Facebook', 'fb', '323', '1255.01', '1'),
(558, 'Facebook', 'fb', '322', '955.50', '1'),
(559, 'Facebook', 'fb', '321', '975.00', '1'),
(560, 'Facebook', 'fb', '320', '975.00', '1'),
(561, 'Facebook', 'fb', '319', '1275.00', '1'),
(562, 'Facebook', 'fb', '317', '1584.42', '1'),
(563, 'Facebook', 'fb', '316', '1356.40', '1'),
(564, 'Facebook', 'fb', '315', '1156.40', '1'),
(565, 'Facebook', 'fb', '314', '1456.40', '1'),
(566, 'Facebook', 'fb', '300', '4596.75', '1'),
(567, 'Facebook', 'fb', '313', '1596.75', '1'),
(568, 'Facebook', 'fb', '312', '1242.30', '1'),
(569, 'Facebook', 'fb', '311', '1446.60', '1'),
(570, 'Facebook', 'fb', '310', '1246.60', '1'),
(571, 'Facebook', 'fb', '309', '1246.60', '1'),
(572, 'Facebook', 'fb', '308', '1463.27', '1'),
(573, 'Facebook', 'fb', '307', '1923.53', '1'),
(574, 'Facebook', 'fb', '306', '1257.50', '1'),
(575, 'Facebook', 'fb', '305', '714.50', '1'),
(576, 'Facebook', 'fb', '304', '810.50', '1'),
(577, 'Facebook', 'fb', '303', '810.50', '1'),
(578, 'Facebook', 'fb', '302', '731.00', '1'),
(579, 'Facebook', 'fb', '301', '831.00', '1'),
(580, 'Facebook', 'fb', '299', '1323.10', '1'),
(581, 'Facebook', 'fb', '295', '1947.68', '1'),
(582, 'Facebook', 'fb', '298', '1775.03', '1'),
(583, 'Facebook', 'fb', '297', '742.30', '1'),
(584, 'Facebook', 'fb', '296', '742.30', '1'),
(585, 'Facebook', 'fb', '293', '742.30', '1'),
(586, 'Facebook', 'fb', '294', '4859.20', '1'),
(587, 'Facebook', 'fb', '291', '659.50', '1'),
(588, 'Facebook', 'fb', '292', '1011.50', '1'),
(589, 'Facebook', 'fb', '290', '711.50', '1'),
(590, 'Facebook', 'fb', '289', '761.50', '1'),
(591, 'Facebook', 'fb', '278', '761.50', '1'),
(592, 'Telegram', 'tg', '283', '1965.50', '1'),
(595, 'Telegram', 'tg', '287', '1367.50', '1'),
(596, 'Telegram', 'tg', '288', '1167.50', '1'),
(597, 'Telegram', 'tg', '284', '1167.50', '1'),
(598, 'Telegram', 'tg', '285', '1167.50', '1'),
(599, 'Telegram', 'tg', '328', '1167.50', '1'),
(600, 'Telegram', 'tg', '334', '1103.50', '1'),
(601, 'Telegram', 'tg', '333', '1103.50', '1'),
(602, 'Telegram', 'tg', '332', '1153.50', '1'),
(603, 'Telegram', 'tg', '331', '843.50', '1'),
(604, 'Telegram', 'tg', '330', '3179.60', '1'),
(605, 'Telegram', 'tg', '329', '2153.50', '1'),
(606, 'Telegram', 'tg', '326', '4248.44', '1'),
(607, 'Telegram', 'tg', '327', '1167.16', '1'),
(608, 'Telegram', 'tg', '318', '2430.50', '1'),
(609, 'Telegram', 'tg', '325', '1298.28', '1'),
(610, 'Telegram', 'tg', '324', '1148.50', '1'),
(611, 'Telegram', 'tg', '323', '5928.50', '1'),
(612, 'Telegram', 'tg', '322', '1228.50', '1'),
(613, 'Telegram', 'tg', '321', '1172.50', '1'),
(614, 'Telegram', 'tg', '320', '1172.50', '1'),
(615, 'Telegram', 'tg', '319', '1172.50', '1'),
(616, 'Telegram', 'tg', '317', '2540.50', '1'),
(617, 'Telegram', 'tg', '316', '1231.50', '1'),
(618, 'Telegram', 'tg', '315', '963.27', '1'),
(619, 'Telegram', 'tg', '314', '6754.50', '1'),
(620, 'Telegram', 'tg', '300', '51435.50', '1'),
(621, 'Telegram', 'tg', '313', '3532.00', '1'),
(622, 'Telegram', 'tg', '312', '1830.50', '1'),
(623, 'Telegram', 'tg', '311', '2189.50', '1'),
(624, 'Telegram', 'tg', '310', '1667.50', '1'),
(625, 'Telegram', 'tg', '309', '1826.50', '1'),
(626, 'Telegram', 'tg', '308', '2795.50', '1'),
(627, 'Telegram', 'tg', '307', '10339.50', '1'),
(628, 'Telegram', 'tg', '306', '1339.50', '1'),
(629, 'Telegram', 'tg', '305', '2210.50', '1'),
(630, 'Telegram', 'tg', '304', '2210.50', '1'),
(631, 'Telegram', 'tg', '303', '1100.50', '1'),
(632, 'Telegram', 'tg', '302', '1240.50', '1'),
(633, 'Telegram', 'tg', '301', '1240.50', '1'),
(634, 'Telegram', 'tg', '299', '8523.50', '1'),
(635, 'Telegram', 'tg', '295', '2658.64', '1'),
(636, 'Telegram', 'tg', '298', '5943.50', '1'),
(637, 'Telegram', 'tg', '297', '1884.50', '1'),
(638, 'Telegram', 'tg', '296', '7238.50', '1'),
(639, 'Telegram', 'tg', '293', '5317.09', '1'),
(640, 'Telegram', 'tg', '294', '1317.50', '1'),
(641, 'Telegram', 'tg', '291', '2826.50', '1'),
(642, 'Telegram', 'tg', '292', '1567.50', '1'),
(643, 'Telegram', 'tg', '290', '2567.50', '1'),
(644, 'Telegram', 'tg', '289', '1489.50', '1'),
(645, 'Telegram', 'tg', '278', '2489.50', '1'),
(646, 'Instagram', 'ig', '283', '1150', '1'),
(647, 'Instagram', 'ig', '286', '645.50', '1'),
(649, 'Walmart', 'wr', '286', '645.00', '1'),
(650, 'Walmart', 'wr', '283', '645.00', '1'),
(651, 'Walmart', 'wr', '282', '645.00', '1'),
(652, 'Walmart', 'wr', '287', '1645.00', '1'),
(653, 'Instagram', 'ig', '287', '1150.00', '1'),
(654, 'Instagram', 'ig', '288', '1150.00', '1'),
(655, 'Instagram', 'ig', '284', '1150.00', '1'),
(656, 'Instagram', 'ig', '285', '1150.00', '1'),
(657, 'Instagram', 'ig', '328', '1150.00', '1'),
(658, 'Instagram', 'ig', '334', '1150.00', '1'),
(659, 'Instagram', 'ig', '333', '1150.00', '1'),
(660, 'Instagram', 'ig', '332', '1150.00', '1'),
(661, 'Instagram', 'ig', '331', '1150.00', '1'),
(662, 'Instagram', 'ig', '330', '1150.00', '1'),
(663, 'Instagram', 'ig', '329', '1150.00', '1'),
(664, 'Instagram', 'ig', '326', '1150.00', '1'),
(665, 'Instagram', 'ig', '327', '1150.00', '1'),
(666, 'Instagram', 'ig', '318', '1150.00', '1'),
(667, 'Instagram', 'ig', '325', '1150.00', '1'),
(668, 'Instagram', 'ig', '324', '1150.00', '1'),
(669, 'Instagram', 'ig', '323', '1150.00', '1'),
(670, 'Instagram', 'ig', '322', '1150.00', '1'),
(671, 'Instagram', 'ig', '321', '1150.00', '1'),
(672, 'Instagram', 'ig', '320', '1150.00', '1'),
(673, 'Instagram', 'ig', '319', '1150.00', '1'),
(674, 'Instagram', 'ig', '317', '1150.00', '1'),
(675, 'Instagram', 'ig', '316', '1150.00', '1'),
(676, 'Instagram', 'ig', '315', '1150.00', '1'),
(677, 'Instagram', 'ig', '314', '1150.00', '1'),
(678, 'Instagram', 'ig', '300', '1150.00', '1'),
(679, 'Instagram', 'ig', '313', '1150.00', '1'),
(680, 'Instagram', 'ig', '312', '1150.00', '1'),
(681, 'Instagram', 'ig', '311', '1150.00', '1'),
(682, 'Instagram', 'ig', '310', '1150.00', '1'),
(683, 'Instagram', 'ig', '309', '1150.00', '1'),
(684, 'Instagram', 'ig', '308', '1150.00', '1'),
(685, 'Instagram', 'ig', '307', '1150.00', '1'),
(686, 'Instagram', 'ig', '306', '1150.00', '1'),
(687, 'Instagram', 'ig', '305', '1150.00', '1'),
(688, 'Instagram', 'ig', '304', '1150.00', '1'),
(689, 'Instagram', 'ig', '303', '1150.00', '1'),
(690, 'Instagram', 'ig', '302', '1150.00', '1'),
(691, 'Instagram', 'ig', '301', '1150.00', '1'),
(692, 'Instagram', 'ig', '299', '1150.00', '1'),
(693, 'Instagram', 'ig', '295', '1150.00', '1'),
(694, 'Instagram', 'ig', '298', '1150.00', '1'),
(695, 'Instagram', 'ig', '296', '1150.00', '1'),
(696, 'Instagram', 'ig', '297', '1150.00', '1'),
(697, 'Instagram', 'ig', '293', '1150.00', '1'),
(698, 'Instagram', 'ig', '294', '1150.00', '1'),
(699, 'Instagram', 'ig', '291', '1150.00', '1'),
(700, 'Instagram', 'ig', '292', '1150.00', '1'),
(701, 'Instagram', 'ig', '290', '1150.00', '1'),
(702, 'Instagram', 'ig', '289', '1150.00', '1'),
(703, 'Instagram', 'ig', '278', '1150.00', '1'),
(704, 'Adidas', 'an', '283', '980.50', '1'),
(705, 'Adidas', 'an', '286', '980.50', '1');

-- --------------------------------------------------------

--
-- Table structure for table `service_icon`
--

CREATE TABLE `service_icon` (
  `id` int(11) NOT NULL,
  `short_code` varchar(255) NOT NULL,
  `img_url` varchar(255) NOT NULL
) ENGINE=InnoDB DEFAULT CHARSET=utf8mb4 COLLATE=utf8mb4_general_ci;

--
-- Dumping data for table `service_icon`
--

INSERT INTO `service_icon` (`id`, `short_code`, `img_url`) VALUES
(1, 'wnz', 'https://encrypted-tbn0.gstatic.com/images?q=tbn:ANd9GcT8Br7w9JzkyIag4WOJWizaWpdaY00ib87iwXXpefg9Ug&s'),
(2, 'tg', 'https://upload.wikimedia.org/wikipedia/commons/thumb/8/82/Telegram_logo.svg/2048px-Telegram_logo.svg.png'),
(3, 'mb', 'https://cdn1.iconfinder.com/data/icons/smallicons-logotypes/32/yahoo-512.png'),
(4, 'aa', 'https://encrypted-tbn0.gstatic.com/images?q=tbn:ANd9GcQVl5WB68-qQy0ZZ15B8aSvF5vxTLknwfeRP8ANlv4vEA&s'),
(5, 'rsh', 'https://i.pinimg.com/originals/fa/50/b2/fa50b28ca286404796f76aec8d733c6e.png'),
(6, 'adh', 'https://encrypted-tbn0.gstatic.com/images?q=tbn:ANd9GcQYjFPNq7k0aoDZz7rITMVMIcsbOeEezN0T286x4AtY1A&s'),
(7, 'vk', 'https://encrypted-tbn0.gstatic.com/images?q=tbn:ANd9GcRf6QqI3z35JSsDD4CVqYSYzVxYK6R41u3nk4AJ5Iu4IQ&s'),
(9, 'idg', 'https://upload.wikimedia.org/wikipedia/commons/thumb/e/e7/Instagram_logo_2016.svg/2048px-Instagram_logo_2016.svg.png'),
(10, 'go', 'https://cdn-teams-slug.flaticon.com/google.jpg'),
(11, 'vs', 'https://encrypted-tbn0.gstatic.com/images?q=tbn:ANd9GcT8Br7w9JzkyIag4WOJWizaWpdaY00ib87iwXXpefg9Ug&s'),
(12, 'mjr', 'https://encrypted-tbn0.gstatic.com/images?q=tbn:ANd9GcStKZknYITvQ8B_i-4dCW3F2HxHHpK7TBUqJSnk0Imw7qr21jVcfy_3z_A&s=10'),
(13, 'go_3', 'https://cdn-teams-slug.flaticon.com/google.jpg'),
(14, 'wa', 'https://cdn-icons-png.flaticon.com/512/3670/3670051.png'),
(15, 'dr', 'https://static-00.iconduck.com/assets.00/openai-icon-2021x2048-4rpe5x7n.png'),
(16, 'zx', 'https://encrypted-tbn0.gstatic.com/images?q=tbn:ANd9GcRtSvw9JHdU9WrikrFNJ-sCGl_vUJnHurs1pw&usqp=CAU'),
(17, 'ci', 'https://encrypted-tbn0.gstatic.com/images?q=tbn:ANd9GcTe7Xd5KmoXvaQPmaGejf5Cm7yfSp2USKw3461SQzVKUcj6ZOiQ6vOC8Co&s=10'),
(18, 'ck', 'https://encrypted-tbn0.gstatic.com/images?q=tbn:ANd9GcStPuLN8uUGMtYg_CY9PEpXGCUDJwg1VVHDC39Jb1MzxA&s'),
(19, 'di', 'https://m.media-amazon.com/images/I/61VuVNzAt1L.png'),
(20, 'du', 'https://encrypted-tbn0.gstatic.com/images?q=tbn:ANd9GcQjQOQE2Abl67enqKNWQtt---S8bdF8Z7Co5O64g-D-bf_GKsB6b5WxAUw&s=10'),
(21, 'bb', 'https://cdn-images-1.medium.com/v2/resize:fit:1200/1*CxL6FKrFEX5uiNJXxlTfcw.png'),
(22, 'nav', 'https://encrypted-tbn0.gstatic.com/images?q=tbn:ANd9GcQalmZ0xi4zTN4sywfCE5CKccOGOmNY444uDL1P2AQltoQOJK1pYJHfunI&s=10'),
(23, 'tl', 'https://upload.wikimedia.org/wikipedia/commons/0/02/TrueCaller_Icon.png'),
(24, 'dy', 'https://encrypted-tbn0.gstatic.com/images?q=tbn:ANd9GcT8nRNfM_vH-KXfVsrYTz7rctEhrRscF1eobm5gzo4zYX8FbFJIJ63JMU4X&s=10'),
(26, 'rsj', 'https://encrypted-tbn0.gstatic.com/images?q=tbn:ANd9GcQyAVT-0uKLYaV1A1bgCekn_3CS0I-R2qUvLFPnntb9XjW1OvwHsDiz9btr&s=10'),
(27, 'smp', 'https://encrypted-tbn0.gstatic.com/images?q=tbn:ANd9GcT3Fe48dj2Q2rGCM4reXYibjXEhLn4SPJ97FMFyxHnlMg&s'),
(28, 'rmb', 'https://encrypted-tbn0.gstatic.com/images?q=tbn:ANd9GcQP3OKGGUwoOEgTp5CWy-AgdKeISQ5n9IVq5Wg13UYdTlwQEk0Ywy6Cg1W-&s=10'),
(29, 'rmn', 'https://encrypted-tbn0.gstatic.com/images?q=tbn:ANd9GcQP3OKGGUwoOEgTp5CWy-AgdKeISQ5n9IVq5Wg13UYdTlwQEk0Ywy6Cg1W-&s=10'),
(30, 'ter', 'https://i0.wp.com/teenpattireferearn.com/img/teen-patti-refer-earn-logo.webp?strip=all'),
(31, 'rms', 'https://encrypted-tbn0.gstatic.com/images?q=tbn:ANd9GcSYcwXEqemY8-2lBiZcZOvE2vi5UK0cCEeTAatsTrVcGA&s'),
(32, 'rme', 'https://encrypted-tbn0.gstatic.com/images?q=tbn:ANd9GcQ1rTBqukGjMng5opguwOICZoZwQlG0P-UmQBwNbjgxQA&s'),
(33, 'bfs', 'https://companieslogo.com/img/orig/BAJAJFINSV.NS-69a58fe4.png?t=1596838048'),
(34, 'cap', 'https://encrypted-tbn0.gstatic.com/images?q=tbn:ANd9GcQ3lWTTYhuf6mn0nKyC0oS5rO0wIJ072i29d9NkGxhKGDSxXKfCdoMgwwY&s=10'),
(35, 'fg', 'https://encrypted-tbn0.gstatic.com/images?q=tbn:ANd9GcSPG2ArXzy8sC4IC1_qLnNEghPt_Io4nOkIBPSfEo6rRg3AnxRkTLQZ1U7Z&s=10'),
(36, 'ec', 'https://encrypted-tbn0.gstatic.com/images?q=tbn:ANd9GcTcOIMW2ZXQQi56CslWkTppveWFu99H-VlYmEXg7xCfmjuEb6huxyMeJ5RG&s=10'),
(37, 'ks', 'https://play-lh.googleusercontent.com/mkuNjtUPpNAvk0tI6NcllPqRO2jnGS3W5TJIHJGlCrOUVcaM5ZzVyFBkmUjL4H3Tdg'),
(38, 'id', 'https://lh3.googleusercontent.com/7ATZTNY7SHZB7hcP9qdcuJ0zA29g6hN5asl4X-UQXYDev3DFH36quT5ewUyGl7QUKLHJltOgqYsUDiHA830OFodIshxbRuvRjMw'),
(39, 'ex', 'https://static-00.iconduck.com/assets.00/linode-icon-427x512-4l4fs2tu.png'),
(41, 'ah', 'https://encrypted-tbn0.gstatic.com/images?q=tbn:ANd9GcROSXnkIUmYEGMJIIDrfg80KI_uxsbLA94wVw&usqp=CAU'),
(42, 'pid', 'https://encrypted-tbn0.gstatic.com/images?q=tbn:ANd9GcRjMPGmuTLiZN2Wc1-se3BifVTr9AvSYhDenm4t0mZQsRw_ShUFfrNDlTHU&s=10'),
(43, 'yep', 'https://encrypted-tbn0.gstatic.com/images?q=tbn:ANd9GcRAQ6ajHiWQiMY2r5FMaSGxFjZHL3t3r5fWYcW99O_-YmzSmoa_Vmjtaf0&s=10'),
(44, 'amm', 'https://encrypted-tbn0.gstatic.com/images?q=tbn:ANd9GcSH-_j31mFpg7kzUDjGtzBeuQ-4DQX_7aBAaJFBvbtLXeI358dHp43VEhTZ&s=10'),
(45, 'amg', 'https://encrypted-tbn0.gstatic.com/images?q=tbn:ANd9GcRLD7iDoakCpbyXg1rwqDN8I3rxSHO-4ltYS9hcPKewhg&s'),
(46, 'fst', 'https://encrypted-tbn0.gstatic.com/images?q=tbn:ANd9GcSq9wJkw4eQCN3uMdYEjxqPbPQ8uZ8c-zmThonfYghq_-kVtJ9xEfJ19bcC&s=10'),
(47, 'xq', 'https://encrypted-tbn0.gstatic.com/images?q=tbn:ANd9GcTQ--hvokV6ePvOFU-p7QvgZ6bX6zmnD9gjLvnimwR1yXa_0oJgVDYYLQZD&s=10'),
(48, 'sta', 'https://encrypted-tbn0.gstatic.com/images?q=tbn:ANd9GcSqDHdmaSoTVXhFuOLudHtg1ogQGHCG4RJok4fWFBuq95J1dEmNWiI-Tik&s=10'),
(49, 'fo', 'https://encrypted-tbn0.gstatic.com/images?q=tbn:ANd9GcR_CjocT_DXaqUNDscpPiPZAkY7G0P-v8Y_ZJzbbhCwkQ&s'),
(50, 'tg_3', 'https://upload.wikimedia.org/wikipedia/commons/thumb/8/82/Telegram_logo.svg/2048px-Telegram_logo.svg.png'),
(51, 'jx', 'https://cdn.iconscout.com/icon/free/png-256/free-swiggy-1613371-1369418.png'),
(52, 'adi', 'https://encrypted-tbn0.gstatic.com/images?q=tbn:ANd9GcTJ7BGFvKkNKTBzt2lruYxcKn2jBMVgGRvBJ_yquusnWg&s'),
(53, 'mm', 'https://encrypted-tbn0.gstatic.com/images?q=tbn:ANd9GcQMIUHKeZUSADdjxX7WJVNw3hJk_PbCEcVXtXGcLsdQrQ&s'),
(54, 'mi', 'https://encrypted-tbn0.gstatic.com/images?q=tbn:ANd9GcRC97bPKSDRspPU-WdpfssGsoVialyvbyrIXBEo7G8axg&s'),
(55, 'flp', 'https://encrypted-tbn0.gstatic.com/images?q=tbn:ANd9GcRgyhRhEGap4lug-9rI0fHdKSSMpWntXtnyZ7Cpxwg0DKpKUGSTTGsDDmo&s=10'),
(56, 'ge', 'https://encrypted-tbn0.gstatic.com/images?q=tbn:ANd9GcTkZ3AO2eCD3xqEswfI46evQ-RK1VeaPtWLgoZDpxrUuLMJPVcSx8K47DE&s=10'),
(57, 'rlr', 'https://encrypted-tbn0.gstatic.com/images?q=tbn:ANd9GcRfyW2345lfHY9bLrpYWBos09Ncr5S9Yn5uIOFf7xXZFw&s'),
(58, 'zl', 'https://play-lh.googleusercontent.com/uFg3zOsnGZkIrswmvXyFYhoF3gC4tv0ovFZv0zisJFQ2DZqJyh9SUGrK6D-Tnn1lGqc'),
(59, 've', 'https://encrypted-tbn0.gstatic.com/images?q=tbn:ANd9GcSxlCt1q-O7ztbzGEKrK8RSB7zOz6EoP7LzJ8noMt-icWVXE3QhfIf9xw8w&s=10'),
(60, 'rtr', 'https://encrypted-tbn0.gstatic.com/images?q=tbn:ANd9GcSEtfKODFf6I-vsHrYPJBnu0T_-8GlF8IpdJxy4yncS3Q&s'),
(61, 'nl', 'https://encrypted-tbn0.gstatic.com/images?q=tbn:ANd9GcQ8RNQjrnnHaVq7_cIdXXeKF_hw36ejOr4U5PHuQkEifXjcvBdCgyd8BIyq&s=10'),
(62, 'so', 'https://encrypted-tbn0.gstatic.com/images?q=tbn:ANd9GcRcxz3sPuRMoByAxOg9_EQuBeEQK6x1DcUbsWCBH9HFwg&s'),
(63, 'yd', 'https://images.crunchbase.com/image/upload/c_pad,f_auto,q_auto:eco,dpr_1/307da4ceb53e3089786b'),
(64, 'ot', 'https://encrypted-tbn0.gstatic.com/images?q=tbn:ANd9GcSw99DZ1_VpbuJrxXBOvmmCalpqGBUeGKpdEg&usqp=CAU'),
(65, 'nkn', 'https://fastsms.su/img/service/nyk.png'),
(66, 'xt', 'https://fastsms.su/img/service/flp.png'),
(67, 'eh', 'https://upload.wikimedia.org/wikipedia/commons/8/82/Telegram_logo.svg'),
(68, '5', 'https://cdn-icons-png.flaticon.com/512/3670/3670051.png	'),
(69, '1', 'https://upload.wikimedia.org/wikipedia/commons/8/82/Telegram_logo.svg	'),
(72, '82', 'https://www.flaticon.com/free-icon/tinder_4423669?term=tinder&page=1&position=3&origin=search&related_id=4423669');

-- --------------------------------------------------------

--
-- Table structure for table `time_wait`
--

CREATE TABLE `time_wait` (
  `id` int(11) NOT NULL,
  `server_id` varchar(255) NOT NULL,
  `service_id` varchar(255) NOT NULL,
  `wait_sec` varchar(255) NOT NULL
) ENGINE=MyISAM DEFAULT CHARSET=utf8mb3 COLLATE=utf8mb3_general_ci;

-- --------------------------------------------------------

--
-- Table structure for table `top_services`
--

CREATE TABLE `top_services` (
  `id` int(11) NOT NULL,
  `server_id` varchar(255) NOT NULL,
  `service_id` varchar(255) NOT NULL,
  `status` varchar(255) NOT NULL
) ENGINE=InnoDB DEFAULT CHARSET=utf8mb4 COLLATE=utf8mb4_general_ci;

--
-- Dumping data for table `top_services`
--

INSERT INTO `top_services` (`id`, `server_id`, `service_id`, `status`) VALUES
(10, '282', 'tg', '1');

-- --------------------------------------------------------

--
-- Table structure for table `upi_recharge`
--

CREATE TABLE `upi_recharge` (
  `id` int(11) NOT NULL,
  `user_id` varchar(255) NOT NULL,
  `amount` varchar(255) NOT NULL,
  `txn_id` varchar(255) NOT NULL,
  `recharge_time` datetime NOT NULL DEFAULT current_timestamp(),
  `status` varchar(255) NOT NULL
) ENGINE=MyISAM DEFAULT CHARSET=utf8mb3 COLLATE=utf8mb3_general_ci;

--
-- Dumping data for table `upi_recharge`
--

INSERT INTO `upi_recharge` (`id`, `user_id`, `amount`, `txn_id`, `recharge_time`, `status`) VALUES
(1, '22', '200', '1462751920', '2024-07-13 15:18:02', '1'),
(2, '25', '500', '1472619236', '2024-07-22 04:06:20', '1'),
(3, '22', '500', '1473009053', '2024-07-22 04:20:09', '1'),
(4, '22', '1000', '1473667070', '2024-07-22 15:38:42', '1'),
(5, '22', '200', '1497954800', '2024-08-09 12:11:51', '1'),
(6, '45', '1000', '1515844492', '2024-08-24 00:36:37', '1'),
(7, '22', '1000', '1525614284', '2024-08-30 20:21:50', '1'),
(8, '22', '1500', '1525621230', '2024-08-30 20:27:00', '1'),
(9, '42', '2000', '1540687885', '2024-09-10 20:48:20', '1'),
(10, '61', '1200', '1574786818', '2024-10-06 02:20:03', '1'),
(11, '61', '1200', '1579677605', '2024-10-10 02:18:54', '1');

-- --------------------------------------------------------

--
-- Table structure for table `user_transaction`
--

CREATE TABLE `user_transaction` (
  `id` int(11) NOT NULL,
  `user_id` varchar(255) NOT NULL,
  `amount` varchar(255) NOT NULL,
  `date` datetime NOT NULL DEFAULT current_timestamp(),
  `type` varchar(255) NOT NULL,
  `txn_id` varchar(255) NOT NULL,
  `status` varchar(255) NOT NULL
) ENGINE=MyISAM DEFAULT CHARSET=utf8mb3 COLLATE=utf8mb3_general_ci;

--
-- Dumping data for table `user_transaction`
--

INSERT INTO `user_transaction` (`id`, `user_id`, `amount`, `date`, `type`, `txn_id`, `status`) VALUES
(1, '22', '200', '2024-07-13 15:18:02', 'Rave Recharge', '1462751920', '1'),
(2, '25', '500', '2024-07-22 04:06:20', 'Rave Recharge', '1472619236', '1'),
(3, '22', '500', '2024-07-22 04:20:09', 'Rave Recharge', '1473009053', '1'),
(4, '22', '1000', '2024-07-22 15:38:42', 'Rave Recharge', '1473667070', '1'),
(5, '22', '200', '2024-08-09 12:11:51', 'Rave Recharge', '1497954800', '1'),
(6, '45', '1000', '2024-08-24 00:36:37', 'Rave Recharge', '1515844492', '1'),
(7, '22', '1000', '2024-08-30 20:21:50', 'Rave Recharge', '1525614284', '1'),
(8, '22', '1500', '2024-08-30 20:27:00', 'Rave Recharge', '1525621230', '1'),
(9, '42', '2000', '2024-09-10 20:48:20', 'Rave Recharge', '1540687885', '1'),
(10, '61', '1200', '2024-10-06 02:20:03', 'Rave Recharge', '1574786818', '1'),
(11, '61', '1200', '2024-10-10 02:18:54', 'Rave Recharge', '1579677605', '1');

--
-- Indexes for table `active_number`
--
ALTER TABLE `active_number`
  ADD PRIMARY KEY (`id`);

--
-- Indexes for table `banner`
--
ALTER TABLE `banner`
  ADD PRIMARY KEY (`id`);

--
-- Indexes for table `crypto_data`
--
ALTER TABLE `crypto_data`
  ADD PRIMARY KEY (`id`);

--
-- Indexes for table `crypto_recharge`
--
ALTER TABLE `crypto_recharge`
  ADD PRIMARY KEY (`id`);

--
-- Indexes for table `custom_price`
--
ALTER TABLE `custom_price`
  ADD PRIMARY KEY (`id`);

--
-- Indexes for table `otp_server`
--
ALTER TABLE `otp_server`
  ADD PRIMARY KEY (`id`);

--
-- Indexes for table `promocode`
--
ALTER TABLE `promocode`
  ADD PRIMARY KEY (`id`);

--
-- Indexes for table `promocode_history`
--
ALTER TABLE `promocode_history`
  ADD PRIMARY KEY (`id`);

--
-- Indexes for table `refer_data`
--
ALTER TABLE `refer_data`
  ADD PRIMARY KEY (`id`);

--
-- Indexes for table `refer_history`
--
ALTER TABLE `refer_history`
  ADD PRIMARY KEY (`id`);

--
-- Indexes for table `service`
--
ALTER TABLE `service`
  ADD PRIMARY KEY (`id`);

--
-- Indexes for table `service_icon`
--
ALTER TABLE `service_icon`
  ADD PRIMARY KEY (`id`);

--
-- Indexes for table `time_wait`
--
ALTER TABLE `time_wait`
  ADD PRIMARY KEY (`id`);

--
-- Indexes for table `top_services`
--
ALTER TABLE `top_services`
  ADD PRIMARY KEY (`id`);

--
-- Indexes for table `upi_recharge`
--
ALTER TABLE `upi_recharge`
  ADD PRIMARY KEY (`id`);

--
-- Indexes for table `user_transaction`
--
ALTER TABLE `user_transaction`
  ADD PRIMARY KEY (`id`);

--
-- AUTO_INCREMENT for table `active_number`
--
ALTER TABLE `active_number`
  MODIFY `id` int(11) NOT NULL AUTO_INCREMENT, AUTO_INCREMENT=56;

--
-- AUTO_INCREMENT for table `banner`
--
ALTER TABLE `banner`
  MODIFY `id` int(11) NOT NULL AUTO_INCREMENT;

--
-- AUTO_INCREMENT for table `crypto_data`
--
ALTER TABLE `crypto_data`
  MODIFY `id` int(11) NOT NULL AUTO_INCREMENT, AUTO_INCREMENT=25;

--
-- AUTO_INCREMENT for table `crypto_recharge`
--
ALTER TABLE `crypto_recharge`
  MODIFY `id` int(11) NOT NULL AUTO_INCREMENT;

--
-- AUTO_INCREMENT for table `custom_price`
--
ALTER TABLE `custom_price`
  MODIFY `id` int(11) NOT NULL AUTO_INCREMENT;

--
-- AUTO_INCREMENT for table `otp_server`
--
ALTER TABLE `otp_server`
  MODIFY `id` int(11) NOT NULL AUTO_INCREMENT, AUTO_INCREMENT=337;

--
-- AUTO_INCREMENT for table `promocode`
--
ALTER TABLE `promocode`
  MODIFY `id` int(11) NOT NULL AUTO_INCREMENT;

--
-- AUTO_INCREMENT for table `promocode_history`
--
ALTER TABLE `promocode_history`
  MODIFY `id` int(11) NOT NULL AUTO_INCREMENT;

--
-- AUTO_INCREMENT for table `refer_data`
--
ALTER TABLE `refer_data`
  MODIFY `id` int(11) NOT NULL AUTO_INCREMENT, AUTO_INCREMENT=59;

--
-- AUTO_INCREMENT for table `refer_history`
--
ALTER TABLE `refer_history`
  MODIFY `id` int(11) NOT NULL AUTO_INCREMENT, AUTO_INCREMENT=3;

--
-- AUTO_INCREMENT for table `service`
--
ALTER TABLE `service`
  MODIFY `id` int(11) NOT NULL AUTO_INCREMENT, AUTO_INCREMENT=706;

--
-- AUTO_INCREMENT for table `service_icon`
--
ALTER TABLE `service_icon`
  MODIFY `id` int(11) NOT NULL AUTO_INCREMENT, AUTO_INCREMENT=73;

--
-- AUTO_INCREMENT for table `time_wait`
--
ALTER TABLE `time_wait`
  MODIFY `id` int(11) NOT NULL AUTO_INCREMENT;

--
-- AUTO_INCREMENT for table `top_services`
--
ALTER TABLE `top_services`
  MODIFY `id` int(11) NOT NULL AUTO_INCREMENT, AUTO_INCREMENT=11;

--
-- AUTO_INCREMENT for table `upi_recharge`
--
ALTER TABLE `upi_recharge`
  MODIFY `id` int(11) NOT NULL AUTO_INCREMENT, AUTO_INCREMENT=12;

--
-- AUTO_INCREMENT for table `user_transaction`
--
ALTER TABLE `user_transaction`
  MODIFY `id` int(11) NOT NULL AUTO_INCREMENT, AUTO_INCREMENT=12;
COMMIT;

